{"id":2708,"date":"2025-02-26T14:16:48","date_gmt":"2025-02-26T13:16:48","guid":{"rendered":"http:\/\/92.94.232.189\/douxevent\/index.php\/produit\/chemin-de-table-en-etamine-terracotta-2\/"},"modified":"2025-02-26T14:16:54","modified_gmt":"2025-02-26T13:16:54","slug":"chemin-de-table-en-etamine-terracotta-2","status":"publish","type":"product","link":"https:\/\/www.douxevent.fr\/index.php\/produit\/chemin-de-table-en-etamine-terracotta-2\/","title":{"rendered":"Chemin de table en \u00e9tamine terracotta"},"content":{"rendered":"<p>90cm x 300cm<\/p>\n","protected":false},"excerpt":{"rendered":"<p>90cm x 300cm<\/p>\n","protected":false},"featured_media":2329,"template":"","meta":[],"product_brand":[],"product_cat":[72,34,56,53,64],"product_tag":[],"class_list":{"0":"post-2708","1":"product","2":"type-product","3":"status-publish","4":"has-post-thumbnail","6":"product_cat-par-couleur","7":"product_cat-chemins-de-table","8":"product_cat-nature","9":"product_cat-romantique","10":"product_cat-terracotta","12":"first","13":"instock","14":"shipping-taxable","15":"purchasable","16":"product-type-simple"},"yoast_head":"<!-- This site is optimized with the Yoast SEO plugin v24.7 - https:\/\/yoast.com\/wordpress\/plugins\/seo\/ -->\n<title>Chemin de table en \u00e9tamine terracotta - DouxEvent<\/title>\n<meta name=\"robots\" content=\"index, follow, max-snippet:-1, max-image-preview:large, max-video-preview:-1\" \/>\n<link rel=\"canonical\" href=\"https:\/\/www.douxevent.fr\/index.php\/produit\/chemin-de-table-en-etamine-terracotta-2\/\" \/>\n<meta property=\"og:locale\" content=\"fr_FR\" \/>\n<meta property=\"og:type\" content=\"article\" \/>\n<meta property=\"og:title\" content=\"Chemin de table en \u00e9tamine terracotta - DouxEvent\" \/>\n<meta property=\"og:description\" content=\"90cm x 300cm\" \/>\n<meta property=\"og:url\" content=\"https:\/\/www.douxevent.fr\/index.php\/produit\/chemin-de-table-en-etamine-terracotta-2\/\" \/>\n<meta property=\"og:site_name\" content=\"DouxEvent\" \/>\n<meta property=\"article:publisher\" content=\"https:\/\/www.facebook.com\/people\/DouxEvent\/61561067611363\/?_rdr\" \/>\n<meta property=\"article:modified_time\" content=\"2025-02-26T13:16:54+00:00\" \/>\n<meta property=\"og:image\" content=\"https:\/\/www.douxevent.fr\/wp-content\/uploads\/2025\/02\/34bfb7fa-d184-11ee-ab1f-4201c0a80002.jpg\" \/>\n\t<meta property=\"og:image:width\" content=\"702\" \/>\n\t<meta property=\"og:image:height\" content=\"586\" \/>\n\t<meta property=\"og:image:type\" content=\"image\/jpeg\" \/>\n<meta name=\"twitter:card\" content=\"summary_large_image\" \/>\n<script type=\"application\/ld+json\" class=\"yoast-schema-graph\">{\"@context\":\"https:\/\/schema.org\",\"@graph\":[{\"@type\":\"WebPage\",\"@id\":\"https:\/\/www.douxevent.fr\/index.php\/produit\/chemin-de-table-en-etamine-terracotta-2\/\",\"url\":\"https:\/\/www.douxevent.fr\/index.php\/produit\/chemin-de-table-en-etamine-terracotta-2\/\",\"name\":\"Chemin de table en \u00e9tamine terracotta - DouxEvent\",\"isPartOf\":{\"@id\":\"https:\/\/www.douxevent.fr\/#website\"},\"primaryImageOfPage\":{\"@id\":\"https:\/\/www.douxevent.fr\/index.php\/produit\/chemin-de-table-en-etamine-terracotta-2\/#primaryimage\"},\"image\":{\"@id\":\"https:\/\/www.douxevent.fr\/index.php\/produit\/chemin-de-table-en-etamine-terracotta-2\/#primaryimage\"},\"thumbnailUrl\":\"https:\/\/www.douxevent.fr\/wp-content\/uploads\/2025\/02\/34bfb7fa-d184-11ee-ab1f-4201c0a80002.jpg\",\"datePublished\":\"2025-02-26T13:16:48+00:00\",\"dateModified\":\"2025-02-26T13:16:54+00:00\",\"breadcrumb\":{\"@id\":\"https:\/\/www.douxevent.fr\/index.php\/produit\/chemin-de-table-en-etamine-terracotta-2\/#breadcrumb\"},\"inLanguage\":\"fr-FR\",\"potentialAction\":[{\"@type\":\"ReadAction\",\"target\":[\"https:\/\/www.douxevent.fr\/index.php\/produit\/chemin-de-table-en-etamine-terracotta-2\/\"]}]},{\"@type\":\"ImageObject\",\"inLanguage\":\"fr-FR\",\"@id\":\"https:\/\/www.douxevent.fr\/index.php\/produit\/chemin-de-table-en-etamine-terracotta-2\/#primaryimage\",\"url\":\"https:\/\/www.douxevent.fr\/wp-content\/uploads\/2025\/02\/34bfb7fa-d184-11ee-ab1f-4201c0a80002.jpg\",\"contentUrl\":\"https:\/\/www.douxevent.fr\/wp-content\/uploads\/2025\/02\/34bfb7fa-d184-11ee-ab1f-4201c0a80002.jpg\",\"width\":702,\"height\":586},{\"@type\":\"BreadcrumbList\",\"@id\":\"https:\/\/www.douxevent.fr\/index.php\/produit\/chemin-de-table-en-etamine-terracotta-2\/#breadcrumb\",\"itemListElement\":[{\"@type\":\"ListItem\",\"position\":1,\"name\":\"Accueil\",\"item\":\"https:\/\/www.douxevent.fr\/\"},{\"@type\":\"ListItem\",\"position\":2,\"name\":\"Location\",\"item\":\"https:\/\/www.douxevent.fr\/index.php\/boutique\/\"},{\"@type\":\"ListItem\",\"position\":3,\"name\":\"Chemin de table en \u00e9tamine terracotta\"}]},{\"@type\":\"WebSite\",\"@id\":\"https:\/\/www.douxevent.fr\/#website\",\"url\":\"https:\/\/www.douxevent.fr\/\",\"name\":\"DouxEvent\",\"description\":\"Nous d\u00e9corons tous vos \u00e9v\u00e9nements\",\"publisher\":{\"@id\":\"https:\/\/www.douxevent.fr\/#organization\"},\"potentialAction\":[{\"@type\":\"SearchAction\",\"target\":{\"@type\":\"EntryPoint\",\"urlTemplate\":\"https:\/\/www.douxevent.fr\/?s={search_term_string}\"},\"query-input\":{\"@type\":\"PropertyValueSpecification\",\"valueRequired\":true,\"valueName\":\"search_term_string\"}}],\"inLanguage\":\"fr-FR\"},{\"@type\":\"Organization\",\"@id\":\"https:\/\/www.douxevent.fr\/#organization\",\"name\":\"DouxEvent\",\"url\":\"https:\/\/www.douxevent.fr\/\",\"logo\":{\"@type\":\"ImageObject\",\"inLanguage\":\"fr-FR\",\"@id\":\"https:\/\/www.douxevent.fr\/#\/schema\/logo\/image\/\",\"url\":\"http:\/\/www.douxevent.fr\/wp-content\/uploads\/2025\/02\/DouxEvent-1.png\",\"contentUrl\":\"http:\/\/www.douxevent.fr\/wp-content\/uploads\/2025\/02\/DouxEvent-1.png\",\"width\":1250,\"height\":625,\"caption\":\"DouxEvent\"},\"image\":{\"@id\":\"https:\/\/www.douxevent.fr\/#\/schema\/logo\/image\/\"},\"sameAs\":[\"https:\/\/www.facebook.com\/people\/DouxEvent\/61561067611363\/?_rdr\",\"https:\/\/www.instagram.com\/doux.event\/\",\"https:\/\/fr.pinterest.com\/douxevent\/\"]}]}<\/script>\n<!-- \/ Yoast SEO plugin. -->","yoast_head_json":{"title":"Chemin de table en \u00e9tamine terracotta - DouxEvent","robots":{"index":"index","follow":"follow","max-snippet":"max-snippet:-1","max-image-preview":"max-image-preview:large","max-video-preview":"max-video-preview:-1"},"canonical":"https:\/\/www.douxevent.fr\/index.php\/produit\/chemin-de-table-en-etamine-terracotta-2\/","og_locale":"fr_FR","og_type":"article","og_title":"Chemin de table en \u00e9tamine terracotta - DouxEvent","og_description":"90cm x 300cm","og_url":"https:\/\/www.douxevent.fr\/index.php\/produit\/chemin-de-table-en-etamine-terracotta-2\/","og_site_name":"DouxEvent","article_publisher":"https:\/\/www.facebook.com\/people\/DouxEvent\/61561067611363\/?_rdr","article_modified_time":"2025-02-26T13:16:54+00:00","og_image":[{"width":702,"height":586,"url":"https:\/\/www.douxevent.fr\/wp-content\/uploads\/2025\/02\/34bfb7fa-d184-11ee-ab1f-4201c0a80002.jpg","type":"image\/jpeg"}],"twitter_card":"summary_large_image","schema":{"@context":"https:\/\/schema.org","@graph":[{"@type":"WebPage","@id":"https:\/\/www.douxevent.fr\/index.php\/produit\/chemin-de-table-en-etamine-terracotta-2\/","url":"https:\/\/www.douxevent.fr\/index.php\/produit\/chemin-de-table-en-etamine-terracotta-2\/","name":"Chemin de table en \u00e9tamine terracotta - DouxEvent","isPartOf":{"@id":"https:\/\/www.douxevent.fr\/#website"},"primaryImageOfPage":{"@id":"https:\/\/www.douxevent.fr\/index.php\/produit\/chemin-de-table-en-etamine-terracotta-2\/#primaryimage"},"image":{"@id":"https:\/\/www.douxevent.fr\/index.php\/produit\/chemin-de-table-en-etamine-terracotta-2\/#primaryimage"},"thumbnailUrl":"https:\/\/www.douxevent.fr\/wp-content\/uploads\/2025\/02\/34bfb7fa-d184-11ee-ab1f-4201c0a80002.jpg","datePublished":"2025-02-26T13:16:48+00:00","dateModified":"2025-02-26T13:16:54+00:00","breadcrumb":{"@id":"https:\/\/www.douxevent.fr\/index.php\/produit\/chemin-de-table-en-etamine-terracotta-2\/#breadcrumb"},"inLanguage":"fr-FR","potentialAction":[{"@type":"ReadAction","target":["https:\/\/www.douxevent.fr\/index.php\/produit\/chemin-de-table-en-etamine-terracotta-2\/"]}]},{"@type":"ImageObject","inLanguage":"fr-FR","@id":"https:\/\/www.douxevent.fr\/index.php\/produit\/chemin-de-table-en-etamine-terracotta-2\/#primaryimage","url":"https:\/\/www.douxevent.fr\/wp-content\/uploads\/2025\/02\/34bfb7fa-d184-11ee-ab1f-4201c0a80002.jpg","contentUrl":"https:\/\/www.douxevent.fr\/wp-content\/uploads\/2025\/02\/34bfb7fa-d184-11ee-ab1f-4201c0a80002.jpg","width":702,"height":586},{"@type":"BreadcrumbList","@id":"https:\/\/www.douxevent.fr\/index.php\/produit\/chemin-de-table-en-etamine-terracotta-2\/#breadcrumb","itemListElement":[{"@type":"ListItem","position":1,"name":"Accueil","item":"https:\/\/www.douxevent.fr\/"},{"@type":"ListItem","position":2,"name":"Location","item":"https:\/\/www.douxevent.fr\/index.php\/boutique\/"},{"@type":"ListItem","position":3,"name":"Chemin de table en \u00e9tamine terracotta"}]},{"@type":"WebSite","@id":"https:\/\/www.douxevent.fr\/#website","url":"https:\/\/www.douxevent.fr\/","name":"DouxEvent","description":"Nous d\u00e9corons tous vos \u00e9v\u00e9nements","publisher":{"@id":"https:\/\/www.douxevent.fr\/#organization"},"potentialAction":[{"@type":"SearchAction","target":{"@type":"EntryPoint","urlTemplate":"https:\/\/www.douxevent.fr\/?s={search_term_string}"},"query-input":{"@type":"PropertyValueSpecification","valueRequired":true,"valueName":"search_term_string"}}],"inLanguage":"fr-FR"},{"@type":"Organization","@id":"https:\/\/www.douxevent.fr\/#organization","name":"DouxEvent","url":"https:\/\/www.douxevent.fr\/","logo":{"@type":"ImageObject","inLanguage":"fr-FR","@id":"https:\/\/www.douxevent.fr\/#\/schema\/logo\/image\/","url":"http:\/\/www.douxevent.fr\/wp-content\/uploads\/2025\/02\/DouxEvent-1.png","contentUrl":"http:\/\/www.douxevent.fr\/wp-content\/uploads\/2025\/02\/DouxEvent-1.png","width":1250,"height":625,"caption":"DouxEvent"},"image":{"@id":"https:\/\/www.douxevent.fr\/#\/schema\/logo\/image\/"},"sameAs":["https:\/\/www.facebook.com\/people\/DouxEvent\/61561067611363\/?_rdr","https:\/\/www.instagram.com\/doux.event\/","https:\/\/fr.pinterest.com\/douxevent\/"]}]}},"_links":{"self":[{"href":"https:\/\/www.douxevent.fr\/index.php\/wp-json\/wp\/v2\/product\/2708","targetHints":{"allow":["GET"]}}],"collection":[{"href":"https:\/\/www.douxevent.fr\/index.php\/wp-json\/wp\/v2\/product"}],"about":[{"href":"https:\/\/www.douxevent.fr\/index.php\/wp-json\/wp\/v2\/types\/product"}],"wp:featuredmedia":[{"embeddable":true,"href":"https:\/\/www.douxevent.fr\/index.php\/wp-json\/wp\/v2\/media\/2329"}],"wp:attachment":[{"href":"https:\/\/www.douxevent.fr\/index.php\/wp-json\/wp\/v2\/media?parent=2708"}],"wp:term":[{"taxonomy":"product_brand","embeddable":true,"href":"https:\/\/www.douxevent.fr\/index.php\/wp-json\/wp\/v2\/product_brand?post=2708"},{"taxonomy":"product_cat","embeddable":true,"href":"https:\/\/www.douxevent.fr\/index.php\/wp-json\/wp\/v2\/product_cat?post=2708"},{"taxonomy":"product_tag","embeddable":true,"href":"https:\/\/www.douxevent.fr\/index.php\/wp-json\/wp\/v2\/product_tag?post=2708"}],"curies":[{"name":"wp","href":"https:\/\/api.w.org\/{rel}","templated":true}]}}